mine c(v).
1
Let n(w) = -w**2 + 9*w + 8. Let m(k) = 3*k**2 - 27*k - 23. Let p(l) = 6*m(l) + 17*n(l). What is p(8)?
-10
Let q be 22/(-3)*(-4 + (-3 - -4)). Let o be (2*(-1)/2)/(21 - q). Let m(i) = 3*i**2 - i. Give m(o).
2
Let k(x) = 3*x**3 + 7*x**2 + 7*x + 2. Let y(s) = 2*s**3 - s**2 - s + 1. Let l(r) = k(r) - 2*y(r). Determine l(10).
-10
Let q(c) be the third derivative of c**6/120 + c**5/12 - 7*c**4/24 - c**3 + 383*c**2. What is q(-6)?
0
Let v be 4/6 - 20/(-6). Let g(j) be the second derivative of -1/6*j**v + 0 + 1/3*j**3 + j**2 + 8*j. What is g(3)?
-10
Suppose z + 3 = -2. Let f(s) be the first derivative of 3*s**2/2 + 7*s + 4. Calculate f(z).
-8
Let m(v) = -20*v**2 + 12*v - 3. Let n(s) = 43*s**2 - 25*s + 6. Let j(d) = -13*m(d) - 6*n(d). Give j(4).
11
Suppose 0 = -y + 6*y - 5*o, y = -o. Suppose -3*h + 3 - 12 = y. Let z(r) = -2*r + 4. Let j(g) = -g. Let n(f) = 3*j(f) - z(f). Determine n(h).
-1
Let l(y) = -2*y - 13. Let f be l(-6). Let z(i) = -35*i + 1. Give z(f).
36
Let l(c) be the first derivative of -c**3/3 - 6*c**2 + 10*c - 20. What is l(-12)?
10
Let i(v) be the third derivative of v**5/30 + v**4/3 - 2*v**3/3 + 41*v**2 - v. Calculate i(-4).
-4
Let q = 7 + -9. Let b be -1 - (2 - (-12)/q). Let y(h) = -3*h - h**2 + 1 - 2*h**2 - 5 + b. What is y(-2)?
-7
Let w(g) = 12*g**3 + 0*g + 3 - 22*g**3 - 7*g + 5*g**2 + 12*g**3 + 2*g. What is w(-4)?
-25
Let j(p) = -1 + 58*p - 66*p - 7*p**2 + 7*p. Give j(-3).
-61
Let p(o) = -43*o - 21*o + 66*o + o**2 + 12. Give p(0).
12
Let t(w) be the second derivative of w**5/20 + w**4/4 - 5*w**3/6 - 2*w**2 + 112*w. Give t(-4).
0
Let s = -2 - -1. Let i be -3*(1 - (1 - s)). Let x(y) = 2*y - 1 + 5*y**2 - 5*y - 6*y**3 + 5*y**3. Give x(i).
8
Let n(o) = -o + 4. Let i be 35/11 + (-2)/11. Suppose 33 = 5*g + 3*l, -i*l + 6 = -3*g + 21. Give n(g).
-2
Let w(p) = p**3 - 5*p**2 + 2*p + 3. Let y = -2 + -5. Let r(k) = -2*k**3 - 6*k**2 + 8*k - 3. Let c be r(-4). Let v = c - y. Calculate w(v).
-5
Let d(k) = 4*k**3 + 2*k. Let h(l) = -5*l**3 - l**2 - 2*l - 1. Let g(f) = 4*d(f) + 3*h(f). Suppose -24*n - 15 = -29*n. What is g(n)?
3
Let h = 32 - 26. Suppose -5 - 13 = -h*t. Let j(g) = 2 - g**3 - 4 + 6 + g**2 - t. Calculate j(2).
-3
Let w(b) = 11*b**2 + 15*b + 1. Let k(d) = 5*d**2 + 7*d. Let h(c) = 9*k(c) - 4*w(c). Let l be h(-3). Let x(n) = n**3 + 3*n**2 - 2*n - 4. Determine x(l).
-12
Let q(s) be the second derivative of s**8/6720 - s**7/630 + s**6/360 - s**5/40 + 5*s**4/12 + 2*s. Let h(j) be the third derivative of q(j). Determine h(4).
5
Let d be -13 + 13 + -7*(-36)/42. Let y(n) = -n**2 + 3*n + 14. Determine y(d).
-4
Let b(q) = 6*q + 2 - 2*q**2 - 24*q + 5*q + 4 + 7*q. Calculate b(-5).
-14
Let m(l) = -l**3 - l**2 + 2*l - 1. Let s = 80 - 72. Suppose 0 = 2*k - k - 6. Let x = k - s. Give m(x).
-1
Let v = 129/11 + -3859/330. Let w(k) be the third derivative of 0*k**3 + 0 + 1/12*k**4 + 0*k + 1/120*k**6 + v*k**5 + 11*k**2. Calculate w(-2).
-4
Let n(u) = -242*u. Let o(t) = 9*t. Let j(c) = 2*n(c) + 55*o(c). Suppose -p + 3*x = 4, -4*p + x - 8 = -3. Let d = 0 - p. Calculate j(d).
11
Let v(m) = -m**3 + 6*m**2 - 2*m - 4. Let h = 658 + -652. Calculate v(h).
-16
Let m(w) be the first derivative of w**4/4 + 7*w**3/3 + 4*w**2 + 7*w - 75. Suppose 2*s - 5*k + 19 = 3*s, 5*s = 3*k - 45. Calculate m(s).
-5
Let p(l) = -4*l. Let j be 6*((-105)/(-14))/(1*9). Determine p(j).
-20
Let y(t) = t**3 - 4*t**2 + t - 8. Suppose -173*u = -168*u - 20. Calculate y(u).
-4
Let g(b) = -49*b**2 + 16*b**2 - 3 + 3*b + 10*b + 34*b**2. What is g(-12)?
-15
Let l = -24 - -28. Let i(g) = 12*g + 12*g**2 + 87*g**3 + 6 - 86*g**3 + l + 4. Determine i(-11).
3
Let c(u) = u**2 + 15*u + 15. Suppose 3*b + 33 = -4*l + l, 4*b + 68 = 4*l. Give c(b).
1
Let u = 32 - 16. Suppose u*y - 18 = 13*y. Let c(h) = -h**2 + 4*h + 4. Determine c(y).
-8
Let z(y) = 3*y**2 + y - 2. Suppose -3*t - 3 = -4*t. Suppose 2*l + 4 = t*r - 0, 0 = -3*r + 5*l + 19. Determine z(r).
8
Let u(t) = -t**3 + 6. Let j be u(0). Let r(f) be the second derivative of -1/2*f**2 + 0 - 1/3*f**3 + 6*f. What is r(j)?
-13
Suppose -6*n - 9 = 15. Let j(b) = -2*b**3 - 6*b**2 + 7*b + 6. Determine j(n).
10
Suppose 31*l - 13*l - 144 = 0. Let p(u) = u**3 - 7*u**2 - 8*u + 9. Determine p(l).
9
Let w(y) be the second derivative of -y**3/6 + y**2/2 + 9*y. Suppose -2*l + 2 = 5*g, 5*g = 3*g. Give w(l).
0
Suppose 0 = 21*v - 24*v + 6. Let q(a) = -8*a**v + 6*a + 0*a**2 - 5 + 6*a**2 + a**2. What is q(4)?
3
Let w(a) = -4*a**2 - 3*a + 1. Let x(n) = 5*n**2 + 2*n - 2. Let v(z) = 6*w(z) + 5*x(z). Let u(g) = g**3 - 11*g**2 + 28*g + 20. Let j be u(6). Give v(j).
-4
Let k(v) be the third derivative of v**4/8 + v**3/6 - 474*v**2. Let g = 1 - 1. Suppose g = -0*a + a + r - 2, -3*a + 5*r = 34. Determine k(a).
-8
Let b(n) = 4*n**3 - 12*n**2 + 3*n - 1. Let h be b(3). Let c(f) = f**3 - 7*f**2 - 11*f + 20. What is c(h)?
-4
Suppose 5*j - q = 4*q + 40, -5*j + 24 = -q. Let u be 2/(j + (-7)/2). Let l(n) = 4*n + u*n - 5*n. Give l(-3).
-9
Let g be (-8)/(-2) - (0 + 2). Suppose -14 = -2*k + 3*i, g*k - 2*i = -k + 11. Let t(n) = n**2 - n. What is t(k)?
0
Let y(g) = g + 2. Let q(u) = 11*u - 126. Let p be q(11). Determine y(p).
-3
Let g be (3 + -5)/(1 - 2). Suppose -3*p + 15 = b + 3*b, 0 = -p + b - g. Let h(l) = 0 + l**2 + 8*l - p + 3. What is h(-7)?
-5
Let d(y) be the second derivative of -13*y + 0*y**2 - 1/6*y**3 + 0. Suppose -3*b + 2 - 5 = 0. Calculate d(b).
1
Suppose 0 = 29*h - 58*h + 232. Let w(m) = -2*m + 5. Determine w(h).
-11
Let y(c) = 2*c - 8. Let n(a) = -a + 7. Let w(i) = -3*n(i) - 2*y(i). Let v = 1491 - 1498. Give w(v).
2
Let j(f) = -f - 5. Let u(x) = x**2 + 1 - 2*x**2 - 13*x + 1 + 5*x. Let l be u(-4). Let g be -2*(l/4 + -3). What is j(g)?
-2
Let x = 71 + -101. Let w = x + 26. Let m(k) = -k + 1. Calculate m(w).
5
Let b(s) = 7*s - 18. Let p(f) = -f + 5. Let o(q) = -b(q) - 6*p(q). Determine o(-5).
-7
Let l(n) be the first derivative of -n**2/2 - 6*n + 47. Determine l(-9).
3
Suppose 5 = 2*u + 13. Let w(b) = 5*b**2 + 6*b - 2. Let r be w(-2). Let o(s) = r + 0*s - s - 7 + 3. Give o(u).
6
Let d(g) = g**2 + 5*g + 6. Let n = -12 + 14. Suppose -2*k + n*p = 8, 2*k + 6 = 4*p - 2. Give d(k).
2
Let m(y) = -y**2 - 14*y - 8. Let p be m(-13). Let n(o) be the third derivative of o**3 + 0*o**4 - 1/12*o**5 + 0 + 0*o + 2*o**2 + 1/120*o**6. Give n(p).
6
Let r(a) = -9*a - 1. Let m be r(-1). Suppose 0 = -2*i + m. Let g(b) = -5*b + b - i*b + 4*b. Determine g(1).
-4
Suppose -3*n = 2*a - 10 - 2, 12 = 2*a - 2*n. Suppose -6 - a = 4*w, 5*w = -4*b + 9. Let g(v) = v**3 - 6*v**2 + 2*v - 6. Determine g(b).
6
Let y(h) = -h**2 - 9*h - 8. Suppose -6*c + 28 = -2*c. Suppose -c = 4*j - 3*j. Calculate y(j).
6
Let t be 2/13 + (-6)/39. Let p(o) = -3*o**3 + o**2 - o - 9. Let v(u) = 4*u**3 - u**2 + u + 9. Let w(y) = 5*p(y) + 4*v(y). Determine w(t).
-9
Let l(p) = 2*p + 9. Let j(a) be the second derivative of -a**3/6 - 2*a**2 + 13*a. Let d(m) = -5*j(m) - 2*l(m). Calculate d(-5).
-3
Suppose 5*s - 3*w = -8, 2*w - 4 = -3*s - 24. Let h(y) = y**3 + 3*y**2 - y - 3. Give h(s).
-15
Let i(n) be the third derivative of -n**6/360 + n**4/12 + n**3/2 + 21*n**2. Let q(h) be the first derivative of i(h). Determine q(2).
-2
Suppose 2*v + 4*x - 2 = 0, -3*v + 14 = -4*v + 3*x. Suppose 9*f - 2 = 8*f. Let j(t) = -1 - 563*t**f + 1 - t**3 - 7*t + 557*t**2. Give j(v).
10
Let h(i) = -i**3 - 2*i**2 - 7*i - 5. Let k be h(-2). Let o(t) = -2*t + 22. What is o(k)?
4
Let h(b) be the second derivative of b**3 - b**2 + 708*b. Give h(-2).
-14
Let b(o) = -o**3 + 6*o + 4. Let v be b(-2). Suppose 2*g + w - 11 = 0, 5*g + w - 29 = -v*g. Let r(n) = n + 8. What is r(g)?
14
Let z(h) = -h**3 + 24774*h - 12390*h - 12384*h + 5*h**2 + 3. Give z(5).
3
Let z(o) = o**3 - 8*o**2 - 2*o + 6. Let l = -49 - -54. Suppose l*j + 6*j - 88 = 0. Determine z(j).
-10
Let x(n) = 0*n**2 + n - 215 + 120 - n**2 + 104. Give x(4).
-3
Let u(k) = -k + 2. Suppose 0 = -0*v + 4*v, 5*q - 3*v = 25. Suppose 2*z + z = -2*h + 8, -q*h - z + 7 = 0. Let t be (-2 + -1)*h - 1. Calculate u(t).
6
Let z(k) = -3*k + 1. Let m = -220 + 214. Let j = -1 - -1. Let v be (-5 - m)*(1 + j). Determine z(v).
-2
Suppose 4*a = c - 10, -19 = 5*a - 2*c - 5. Let p(h) = 9 - 4*h - 8 + 2*h - 4. Calculate p(a).
1
Let p(g) = 10 + 10381*g**2 - 10380*g**2 + 21*g - 13*g. Suppose 3*r + 11 + 10 = 0. Give p(r).
3
Let m = 5 + -3. Let 